 + 0*o - 3*o + 1273 = n, -4*b + 1012 = -4*o. Is b a prime number?
False
Is 1664284/84 + -3*22/(-693) a composite number?
False
Is 137034/16 + 2 - 6/(-16) a prime number?
False
Suppose 17167 = 3*q + 2*c, -5*c - 11401 = -2*q + 50. Is q composite?
True
Suppose 4*p - 3*p - 113 = 0. Suppose -2*o - 63 - p = 0. Let r = o - -141. Is r composite?
False
Is (-1)/(-3) - (189560/(-6))/14 a composite number?
True
Suppose 0 = 2*d - 5*d. Suppose w + w - 1022 = d. Is w a composite number?
True
Let u(z) = z**3 + 18*z**2 + 21*z - 19. Suppose -r = 0, -80 = 5*n - 2*r + r. Is u(n) a composite number?
False
Suppose -i + 6290 = 9*i. Suppose 5*x - 1281 = i. Is x prime?
False
Suppose -17304 = -22*m - 2*m. Is m a composite number?
True
Is (33 - -11873)/(-1 - -3 - 0) a prime number?
True
Suppose 5*u = -3*k - 0*k + 974, 5*u - 4*k - 988 = 0. Let m = 57 + u. Is m a composite number?
True
Let k(m) = -2*m**3 - 18*m**2 - 13*m - 4. Let y be k(-14). Suppose 13*x = 2607 + y. Is x a prime number?
False
Let w(t) be the third derivative of t**4/3 - 7*t**3/6 - 25*t**2. Is w(4) a prime number?
False
Suppose -5*u + 0*f + 4*f + 31 = 0, 4*f = -3*u + 25. Suppose 0 = -3*d + 6, 5*d = 2*t - u*t + 40. Is 14/84 - (-155)/t a prime number?
False
Let t be (-10)/50 + 31/5. Suppose 0*x - 294 = -t*x. Let u = 10 + x. Is u a composite number?
False
Let v(b) = -14*b**3 - 22*b**2 + 5*b**3 + 8*b**3 + 3*b**3 - 5*b. Is v(13) composite?
True
Suppose 2*s = 4*s + 596. Let q = s + 464. Is q composite?
True
Let u = 898 - -1462. Is 0 + (-2)/2 + 0 + u a composite number?
True
Let k be ((-20)/2)/(-5 - -3). Suppose -6*n + k*n + m + 287 = 0, 3*n + 5*m = 861. Let s = n - 138. Is s prime?
True
Let b(l) = 1032*l - 6. Let u be b(2). Let t = u + -503. Is t prime?
False
Let o = -14 - -17. Suppose i = -o*i + 340. Is i a prime number?
False
Suppose 9*r = 176123 + 110014. Is r prime?
True
Let v(l) = -46425*l**3 - 2*l**2 + 6*l + 4. Is v(-1) prime?
False
Suppose -d + 3*z = -128, 4*d - 3*z - 562 = -z. Let s = d - -48. Is s a prime number?
True
Is 2*(-127)/(-2)*(78 - 77) prime?
True
Let s be (3 - -2) + (-4 - -1). Suppose 0 = s*i - 4. Suppose 4*h + 5*n = 429, h - i*n = -0*h + 104. Is h composite?
True
Is 236973/18 + 14/(-84) a prime number?
False
Let h(y) = y**3 + 13*y**2 + 12*y - 6. Let k be h(-12). Let f(u) = -140*u - 2. Let q be f(k). Let z = 1217 - q. Is z a composite number?
False
Suppose 5*m + 4 = -4*c + m, -3*c + 4*m + 18 = 0. Suppose c*l - 354 = 22. Suppose 6*u + l = 10*u. Is u composite?
False
Let m = 26 - 22. Suppose -3*d + 8 = -m. Suppose -28 = -d*o + 288. Is o prime?
True
Suppose 5*n = 2*a - 3 - 4, -a = 3*n + 2. Suppose i = -10 - a. Is (-13)/((-10)/i - 1) a prime number?
False
Let l = -36 + 20. Is 24/l - 113/(-2) prime?
False
Suppose 2*v - 715 = -3*v. Suppose 35 = -2*i + v. Let l = i + -29. Is l a composite number?
True
Let h = 661 - 334. Suppose -3*o = -3048 + h. Is o composite?
False
Let q(g) be the second derivative of 0 - 1/2*g**2 + 1/3*g**3 - 4*g + 10/3*g**4. Is q(2) a composite number?
False
Suppose -2*o = -x + 16387, 18*x + 32788 = 20*x + 3*o. Is x prime?
False
Let g be 191*(-4)/8*-3*-2. Let j = 1052 + g. Is j composite?
False
Let p = -14066 + 24643. Is p a composite number?
True
Let x(m) = 7*m**3 + 9*m**2 + 12*m - 6. Let q be x(10). Is 16/(-72) + (-3)/((-54)/q) a composite number?
True
Let u(o) = 4*o**3 - 18*o**2 + 28*o + 21. Let b(z) = -11*z**3 + 53*z**2 - 85*z - 62. Let s(l) = -3*b(l) - 8*u(l). Is s(13) prime?
True
Let m(q) = 24*q + 20. Let r be m(-8). Let f = r - -353. Is -9 - -7 - -1*f a composite number?
False
Suppose -2*v - 3*w + 2866 = 0, 2*v - 2894 = w + 3*w. Is v a prime number?
True
Let y = 3331 + 652. Is y a composite number?
True
Suppose -5*l - 5*v + 35 = 0, 3 = l - 4*l + 3*v. Suppose l*r = 2*i - 6 - 3, -3*i = 4*r - 5. Is (r - -2)/(4/44) composite?
False
Let i = -9905 + 19386. Is i prime?
False
Let w be (-3)/(-2)*(-9280)/(-12). Suppose -3*r = r - w. Let n = -73 + r. Is n composite?
True
Let l(b) = -908*b + 29. Let j(x) = 455*x - 15. Let c(h) = -11*j(h) - 6*l(h). Is c(2) a prime number?
True
Let p(o) = 3363*o**3 + 4*o - 9. Is p(2) composite?
False
Suppose 1180 = 4*c - 2*a, -2*c - 5*a = -c - 317. Let h = c + 112. Is h prime?
True
Suppose -75*g = -81*g + 55086. Is g a prime number?
True
Let d be (((-168)/(-4))/2)/1. Let y = 3 + -3. Let v = y + d. Is v a composite number?
True
Let r = 525 + 416. Let c = 496 + r. Is c a prime number?
False
Let y be 4249/21 + 2/(-6). Suppose 984 = 4*m + 3*f - y, -3*f + 1484 = 5*m. Is m prime?
False
Let y = 55 - 51. Is (2/y + -1)/((-8)/8656) prime?
True
Let h(l) = -247*l**3 + 4*l**2 + 2. Let d(o) = o**2 + 14*o + 31. Let w be d(-11). Is h(w) a prime number?
False
Suppose -5*q = r - 1348 - 1153, -4*q = 3*r - 7547. Let y = r + -92. Is y prime?
False
Suppose -5*s + 19 = -26. Let p(c) = 3*c**3 + 8*c**2 - 3*c + 11. Is p(s) composite?
False
Let q(v) = 53*v**2 + 27*v + 5. Is q(-7) a prime number?
False
Suppose 4*z - 180 = -4*a, -z + a = -3*z + 86. Suppose 40*b + 1543 = z*b. Is b a prime number?
True
Suppose 2*c + 2 = 4. Let g = 2 + c. Suppose -6 - 10 = -m + 3*x, 0 = g*m + 2*x - 103. Is m a composite number?
False
Suppose 2*m - 22 = -3*h, 4*h - 23 = 2*m + 25. Let l(i) = 5*i - 31. Is l(h) a prime number?
True
Let v(z) = -z - 3. Let q be v(1). Is (-4 - -1446*(-4)/32)*q a prime number?
True
Is (-159 - -2926)/(2/2) composite?
False
Let c(o) = 2*o**2 - 2*o - 29. Let w = 45 + -33. Is c(w) a prime number?
False
Suppose 457 = -20*k + 12077. Is k prime?
False
Let x(i) = -3*i + 12. Let c be x(-8). Suppose -c = t + 136. Let z = 321 + t. Is z a composite number?
False
Let t = -173 - -1866. Is t prime?
True
Let q(v) = 369*v - 167*v - 4 - 272*v. Is q(-5) a composite number?
True
Let o = -1657 + 2460. Is o a composite number?
True
Let x = -11819 + 21852. Is x a composite number?
True
Let g be (-2 - (-24)/15) + 4669/35. Suppose 751 = 5*k + 3*q, 0 = 4*k + q - 731 + g. Is k composite?
False
Let s be 16/((-4)/14 - 27/(-21)). Let c(q) = q**3 - 11*q**2 + 31*q + 35. Is c(s) prime?
True
Is (-1332321)/(-46) - (-5)/(-2) prime?
True
Is 133371/6 - 1/(-2) a composite number?
False
Let m(x) = -x**3 - 10*x**2 - 4*x - 1. Let a be m(-9). Let g be a*((-6)/(-4) + -2). Suppose 0*c = c - g. Is c a composite number?
False
Let v(s) = 51*s**2 + 50*s + 68. Is v(25) a composite number?
True
Suppose 2*l = -d - 386 + 4673, -3*d + 5*l + 12828 = 0. Is d a prime number?
False
Suppose 10*z - 31456 = 108274. Is z composite?
True
Let o be (90/20)/((-3)/2412). Let d = -2363 - o. Is d prime?
False
Let w(u) = 10*u - 1. Let o be w(1). Let t(j) = -143*j - 4. Let k(q) = -47*q - 2. Let y(g) = -7*k(g) + 2*t(g). Is y(o) composite?
True
Let b(g) = -3*g + 46. Is b(9) a prime number?
True
Let s(t) = t**3 - t**2 + 8*t + 5. Let q be s(7). Suppose 5*p - 3*i - q = 0, -i - 141 = 2*p - 4*p. Suppose -8 + p = 4*f. Is f a prime number?
False
Let b be ((-5)/(-2))/(1/2). Suppose -m + 4 = -b. Is (-1986)/(-15) - m/(-15) prime?
False
Let g(l) = -318*l - 26. Let p be g(-6). Let k = p - -4183. Is k composite?
True
Let f(x) = -x**3 + 8*x**2 - 4*x + 5. Let t be f(7). Let k = t - 27. Is k/(-2) - 3285/(-10) a prime number?
False
Let w(m) = -20*m**3 - 5*m**2 + 9*m - 3. Let i be 1/1 + (-56)/8 + 1. Is w(i) prime?
False
Let o = 29 - 22. Let g(s) = 83*s + 60. Is g(o) a prime number?
True
Let p = 34 + -32. Suppose i = -2*i - 4*d + 5691, 0 = 3*i - p*d - 5709. Is i a prime number?
True
Suppose -45 = -3*k - 5*f + 10111, -2*k + 5*f = -6729. Is k a composite number?
True
Let k = 74 + -80. Is (k/4 + 2)*508 - 3 composite?
False
Let w be (6 - 4)*1 + 1358. Suppose 760 = -4*k - w. Let y = -276 - k. Is y composite?
True
Is (1 + -7 + 4)*(-2012)/8 a prime number?
True
Let f(s) = 3 + 17*s**2 - 37*s**2 - 3*s + 18*s**2 + 384*s**3. Is f(2) a prime number?
True
Let i = -1011 + 2488. Is i a composite number?
True
Let b = 15 - 12. Suppose j = 3*c + 126, b*j + 4*c - 203 = 188. Is j a composite number?
True
Is (-120)/110 - (-650103)/33 composite?
False
Suppose -8 - 22 = 6*y. Let d(o) = 44*o**2 + 3*o - 6. Is d(y) a prime number?
False
Let c be (-1)/(1*2/(-730)). Suppose 0 = -3*v + 4*r + 1769, -2*v = 2*v - 4*r - 2360. Let d = v - c. Is d a composite number?
True
Let b(j) = j**3 + 9*j**2 + 9*j + 11. Let w be b(-8). Suppose -t + 86 = n, 0 = t + w*t - 5*n - 335. Suppose y - t = -26. Is y